common divisor of 16 and n?
4
Let d be 3*4/(-66) + 2780/44. Calculate the greatest common divisor of 21 and d.
21
Let c = 11 + -2. Suppose -n = 3*d - 0*n - 246, 0 = d + 2*n - 87. What is the highest common divisor of d and c?
9
Let y be (-19)/38 - (-574)/4. Calculate the greatest common factor of 13 and y.
13
Let q = -13 - -25. Let w(s) = s + 9. Let g be w(-7). Suppose p + g = -4*m - 6, -5*p + 35 = 5*m. What is the greatest common factor of q and p?
12
Suppose -5*f + 4*s = 13 - 43, 11 = 3*f - s. Calculate the greatest common factor of f and 2.
2
Let g = -64 + 67. What is the highest common factor of g and 36?
3
Let f = -2 - -9. Let l = -63 - -140. What is the greatest common divisor of f and l?
7
Let r(h) = -2*h**3 - 2*h**2 - h - 2. Let y be r(-3). What is the highest common divisor of 74 and y?
37
Suppose 4*n - 1070 = 2*n. Let h be (-2)/7 - n/(-35). Let g = 120 + 45. Calculate the greatest common factor of g and h.
15
Suppose 0*a + 3 = a. Suppose s - 72 = -a*s. What is the highest common divisor of 162 and s?
18
Let j = -22 - -60. Suppose -v = -0*v - j. Let f be 38*(-1)/(-8)*4. What is the greatest common divisor of f and v?
19
Let m(i) = -23*i + 4. Let f be m(3). Let o = f + 100. What is the highest common factor of 5 and o?
5
Let p(w) = 2*w**2 - 6*w - 4. Let g be p(5). Suppose 7 = -k + g. Let j = -29 + 38. What is the greatest common divisor of k and j?
9
Let d(r) = -r**2 + 10*r + 13. Let k be d(10). Calculate the highest common factor of k and 26.
13
Suppose 27 = -3*c + 99. What is the highest common factor of c and 216?
24
Suppose 5*n - 15 = 0, 0 = -3*a - 0*a + 5*n + 660. What is the highest common divisor of a and 9?
9
Let t(n) be the second derivative of -n**4/12 + 11*n**3/6 - n**2 + n. Let k be t(5). What is the greatest common factor of k and 4?
4
Suppose 0*a - 8 = -a. Suppose 0 = 3*f - 94 - 98. Calculate the greatest common factor of a and f.
8
Let q be 192/(-72) + 1/(-3) - -177. Calculate the highest common factor of 6 and q.
6
Suppose -3*g + 6*g = 5*w + 80, 0 = 4*g + 5*w - 130. Let n = -30 - -50. Calculate the greatest common divisor of g and n.
10
Let o(d) be the second derivative of -d + 5/6*d**4 + 2*d**3 + 0 + 1/20*d**5 + 0*d**2. Let f be o(-8). Calculate the greatest common divisor of 80 and f.
16
Let q = -5 - -3. Let l = q + 16. Suppose -5*d + 4*y = -226, -d - 2*d - 4*y + 110 = 0. Calculate the greatest common divisor of l and d.
14
Suppose 0 = 3*w + 9, -2*w - 18 = -3*d + d. Let z = -5 + 1. Let g = z + d. What is the highest common divisor of 2 and g?
2
Let d = 110 - 69. Suppose d - 101 = -5*n. Calculate the greatest common factor of n and 4.
4
Suppose -73 = -2*r + 53. Calculate the greatest common factor of r and 9.
9
Let b be 36/(-8)*-8 - -4. What is the highest common factor of 10 and b?
10
Let z be (42/(-35))/(4/(-270)). Suppose 0 = -l + 4*l - 27. What is the greatest common divisor of l and z?
9
Let j = -93 - -137. Calculate the highest common factor of 11 and j.
11
Suppose -b - b - 4*j + 190 = 0, 380 = 4*b - 4*j. Calculate the highest common divisor of b and 19.
19
Let p(y) = y**3 - 7*y**2 + 11*y - 19. Let k be p(9). What is the greatest common divisor of k and 22?
22
Let h(v) = -v**2 - 4 - 1 + 0 + 11*v. Let k be h(10). Suppose c + 2 = -4*i + 22, -k*i = -3*c - 42. What is the highest common factor of 66 and i?
6
Let x(f) = 17*f - 5. Let a be x(-5). Let l be (a/(-4))/((-2)/(-4)). Let u(s) = s**2 + 8*s - 3. Let h be u(-11). Calculate the greatest common factor of h and l.
15
Let u be (-2)/6 - (-1946)/6. Let b be (-2)/5 - u/(-10). What is the greatest common factor of b and 8?
8
Let j(t) = t + 8. Let d(z) = -z**2 + 2*z - 1. Let q be d(3). Let o be j(q). Calculate the greatest common factor of o and 12.
4
Suppose -54*w = -51*w - 288. What is the greatest common factor of 12 and w?
12
Let r = 0 + 6. Suppose -3*q - q = 0. Let s(c) = c + 48. Let v be s(q). What is the highest common divisor of r and v?
6
Let i(z) = -z**3 + 18*z**2 + 8*z - 1. Let d be i(18). What is the highest common divisor of 13 and d?
13
Let t(z) = z**2 + 14*z - 17. Let y be t(-16). Calculate the highest common divisor of 165 and y.
15
Suppose 4*o - 3*n + 23 = 5*o, 0 = 2*o - 4*n + 4. Let j(t) = -t**3 - 10*t**2 - 11*t - 10. Let v be j(-9). What is the highest common factor of v and o?
8
Suppose 2*j + 24 = 5*f, -2*j = 4*f - 5 - 25. Calculate the highest common factor of 54 and f.
6
Suppose m = 5*m - 28. Let q be 628/m + 2/7. Calculate the highest common divisor of q and 30.
30
Let z(i) = i**2 + 4*i + 1. Let q be z(-4). Suppose -2 = -2*b + 30. Let f be ((-2)/8)/((-4)/b). Calculate the highest common divisor of f and q.
1
Suppose -2*c - 124 = -2*u - u, 0 = 3*u - 5*c - 112. Calculate the greatest common divisor of 11 and u.
11
Suppose -17 = 3*o - 2*o. Let n = o - -32. Calculate the greatest common factor of n and 135.
15
Suppose 2*j - 3 - 5 = 0. Let r be 2/j + 60/8. Suppose -2*u = 6, -3*z + z + 4*u = -16. Calculate the highest common divisor of r and z.
2
Let a(k) = -k + 11. Let z be a(-10). Suppose 5*t - z - 45 = -g, 5*t - 74 = g. What is the greatest common factor of t and 56?
14
Let m = 30 - 23. What is the greatest common divisor of m and 77?
7
Suppose 3*w - 9 = -0*w, 0 = -2*z - 4*w + 212. What is the greatest common factor of 40 and z?
20
Let i(w) = -12*w**3 - 2*w**2 + 1. Let n(m) = -3*m + 2. Let p be n(1). Let a be i(p). Calculate the highest common factor of 88 and a.
11
Let i be (-6)/((-85)/(-87) + -1). Suppose x + i = -2*x. Let r = x + 258. What is the highest common divisor of 19 and r?
19
Let r be -1 + 1/(-1 + 2). Suppose -m + 6*m - 35 = r. What is the highest common factor of m and 35?
7
Let t(h) = -h**2 + 3*h. Let a be t(4). Let f = 6 + a. Suppose -4*v - v = -f*w + 56, -2*w - 4*v = -20. Calculate the greatest common divisor of 45 and w.
9
Suppose 0 = a + w - 21, -4*a = -3*a + 2*w - 24. Let y(m) = m**2 - 3 + 4*m - 7 + 7. Let p be y(-7). Calculate the greatest common divisor of p and a.
18
Let u be -1*(8 + (2 - 3)). Let w = -3 - u. Calculate the greatest common factor of 16 and w.
4
Suppose 2*k = -4*s + 26, -k + 3*s + 39 = 2*k. Calculate the greatest common factor of 117 and k.
13
Let c(o) = -o**3 + 8*o**2 + 1. Let z be c(8). Let m be 0 + z + (-6 - -7). Suppose -2*f - m*f + 220 = 0. Calculate the greatest common divisor of f and 22.
11
Let o = 4 + -2. Let a be 352/(-24) - 4/(-6). Let u = 36 + a. Calculate the greatest common factor of o and u.
2
Let d be -1*((-66)/(-2))/(10/(-30)). What is the greatest common divisor of d and 9?
9
Suppose -2*u + 6*u - 8 = 0. Suppose u*m - 180 = -3*m. Let j be 47/2 + 3/6. What is the highest common divisor of j and m?
12
Let n be ((-36)/(-15))/((-4)/(-610)). Suppose 4*g = 514 + n. What is the highest common factor of 20 and g?
20
Let u be (-2)/11 + (-1404)/(-99). What is the greatest common factor of u and 2?
2
Suppose 0 = n + 1, -2*n - 135 = -4*y + n. What is the greatest common factor of y and 33?
33
Suppose 0 = -2*w + 1 + 17. Calculate the greatest common divisor of 9 and w.
9
Let x be ((-6)/(-9))/(2/(-6)). Let n(g) = 2*g**2 - 2*g + 1. Let q be n(x). Calculate the greatest common factor of 91 and q.
13
Suppose 4*b - 245 = 239. Let v(t) = t**2 + 11*t + 9. Let z be v(-12). Suppose 0 = -5*x + 34 + z. What is the greatest common divisor of x and b?
11
Suppose 2*o = -3*o + 30. Calculate the highest common divisor of o and 10.
2
Let v be 16/(2 + -1) - 2. Suppose 9 - 33 = -4*f. Let g be (-2)/((f/(-7))/3). What is the highest common factor of v and g?
7
Let d(x) = x + 8. Let f be d(-7). Suppose -3*h - 32 = -7*h. Let p be h/2 + -8 + 6. Calculate the greatest common factor of f and p.
1
Let q be 14/(-4) - 3/(-2). Let d be 4*1 + 4 + q. Let v = 41 - 11. What is the greatest common divisor of d and v?
6
Let h = 5 - 3. Let s be 3/h*32/6. What is the greatest common factor of 16 and s?
8
Let r be (-2)/3 + 6/9. Suppose r*s = 5*s - 140. Suppose 4*b = 4, -5*z - 6*b + 7*b = -34. What is the highest common divisor of z and s?
7
Let b = 4 + 60. Suppose 0 = -4*i + m - 8 + b, -3*i + 4*m + 29 = 0. What is the highest common factor of i and 10?
5
Let b(i) = 2*i**2 - 4. Suppose 0 = 3*m + 6 + 3. Let h be b(m). What is the greatest common factor of h and 98?
14
Let x = 2 + 1. Let h = 776 - 474. Suppose 2*g = x*i - h, -2*i + 29 = -4*g - 159